*r**3 + 2*r**2 + 18*r - 21. Determine w(1).
2
Let g(j) = 2559*j - 12803. Give g(5).
-8
Let y(a) = -45*a**2 + 91*a - 3. Determine y(2).
-1
Let l(x) = -x**2 + 9*x + 27. What is l(-9)?
-135
Let r(q) = q**2 - 176. Calculate r(21).
265
Let u(a) = -a**3 - 50*a**2 - 304*a - 134. Determine u(-43).
-5
Let f(j) = 71*j - 290. What is f(4)?
-6
Let x(l) = 113*l + 2529. Calculate x(-21).
156
Let j(l) = l**2 - 169*l + 381. What is j(167)?
47
Let y(q) = 237*q - 849. Give y(4).
99
Let u(n) = -n**2 + 4*n - 1. What is u(3)?
2
Let o(n) = -29*n**2 - 48*n + 4. Give o(-2).
-16
Let m(f) = -20*f**2 + 2*f - 23. Give m(-4).
-351
Let a(d) = -d**2 - 15*d + 110. What is a(0)?
110
Let s(q) = -1433*q + 15769. Calculate s(11).
6
Let x(c) = -c**3 - 7*c**2 + 16*c + 17. What is x(-10)?
157
Let f(s) = s**3 - 282*s**2 + 15526*s - 70. Determine f(75).
5
Let j(o) = o - 162. Determine j(14).
-148
Let u(w) = w**2 + 76*w + 831. Calculate u(-21).
-324
Let m(w) = -w**3 - 57*w**2 + 21*w + 1193. Give m(-57).
-4
Let s(m) = m**3 + 14*m**2 + 17*m - 100. Determine s(-12).
-16
Let f(d) = d**2 - 443*d + 3483. What is f(8)?
3
Let c(j) = -652*j + 7169. Calculate c(11).
-3
Let w(b) = -5*b**3 + 48*b**2 + 19*b - 1. Determine w(10).
-11
Let d(c) = 2*c**3 + 75*c**2 + 2*c - 866. What is d(-37)?
429
Let i(z) = -247*z + 4443. Give i(18).
-3
Let a(c) = -50*c - 193. Calculate a(-3).
-43
Let x(p) = -3*p**3 - 70*p**2 + 123*p - 35. What is x(-25)?
15
Let p(q) = -24*q**3 + 96*q**2 - 17*q + 78. Calculate p(4).
10
Let p(q) = -2495*q + 34926. Give p(14).
-4
Let w(l) = l**2 + 88*l + 1795. Determine w(-70).
535
Let f(t) = 11*t**2 - 13*t + 44. What is f(5)?
254
Let w(z) = 6*z**2 - 12*z - 28. Give w(-5).
182
Let h(y) = -7*y + 97. Give h(10).
27
Let r(g) = 66*g + 4796. What is r(-73)?
-22
Let f(z) = 3*z**2 - 38*z - 276. Determine f(-6).
60
Let d(q) = -q**3 + 121*q**2 - 2538*q. Determine d(94).
0
Let u(j) = -743*j - 2345. Calculate u(-4).
627
Let y(t) = 3*t**3 - 188*t**2 + 304*t + 13. What is y(61)?
-48
Let y(b) = 25*b**2 + 777*b + 72. What is y(-31)?
10
Let q(p) = 3160*p + 15809. What is q(-5)?
9
Let t(b) = b**2 - 41*b - 19879. Give t(163).
7
Let y(o) = -43*o**2 - 15*o + 45. Calculate y(2).
-157
Let t(q) = -q**3 - 2*q**2 + 36*q + 85. Determine t(-6).
13
Let l(a) = 267*a**2 - 45*a + 45. Calculate l(1).
267
Let n(q) = -9*q**3 + 2*q**2 + 4*q + 8. Give n(3).
-205
Let n(x) = x**3 - 17*x**2 - 93*x - 9. What is n(-4)?
27
Let z(r) = -509*r - 4580. What is z(-9)?
1
Let x(l) = 22*l**3 - 16*l**2 - 42*l - 16. Determine x(-2).
-172
Let w(g) = 757*g - 5290. Calculate w(7).
9
Let t(m) = 5*m**3 - 19*m**2 - m + 13. What is t(4)?
25
Let l(b) = 7*b**2 + b - 84. Give l(6).
174
Let z(g) = 3*g**3 - 271*g**2 - 185*g + 270. Determine z(91).
-3
Let m(i) = i**2 - 1343*i + 105759. Determine m(84).
3
Let f(i) = 72*i - 778. Determine f(11).
14
Let l(i) = i**2 - 36*i - 967. Calculate l(-18).
5
Let b(o) = -3*o**3 - 33*o**2 + 20*o + 29. Determine b(-12).
221
Let h(m) = 46*m**3 + 12*m - 12. Calculate h(1).
46
Let p(w) = -8*w**2 + 2149*w + 5152. Determine p(271).
3
Let t(s) = -s**2 - 54*s + 310. Give t(8).
-186
Let h(j) = -103*j - 748. Give h(-7).
-27
Let p(v) = 72*v - 1269. Determine p(17).
-45
Let d(w) = -66*w + 2250. Give d(34).
6
Let z(j) = -510*j + 3335. Calculate z(5).
785
Let b(z) = z**3 - 106*z**2 - 556*z + 29. Give b(-5).
34
Let v(p) = p**2 - 69*p - 493. Determine v(77).
123
Let i(d) = 309*d - 341. What is i(1)?
-32
Let l(u) = 5*u**3 - 58*u**2 + u + 40. Calculate l(11).
-312
Let y(d) = -d**3 + 3*d**2 + 141*d + 2. Calculate y(0).
2
Let g(x) = 3*x**2 - 23*x - 55. Calculate g(10).
15
Let m(y) = 3*y**2 + 8*y - 26. Determine m(-9).
145
Let i(s) = 10*s - 828. Determine i(86).
32
Let y(c) = -18*c**3 - 78*c**2 - 26*c - 14. Calculate y(-4).
-6
Let p(m) = -m**3 - 91*m**2 + 7*m + 642. What is p(-91)?
5
Let s(a) = -21*a - 293. What is s(0)?
-293
Let d(v) = v**3 - 10*v**2 - 89*v - 81. Determine d(-1).
-3
Let d(q) = 25*q**2 - 317*q - 114. Give d(13).
-10
Let d(s) = -s**2 + 35*s - 97. Give d(32).
-1
Let g(i) = 9*i - 236. Determine g(-12).
-344
Let j(s) = -9*s**2 + 85*s + 21. Determine j(10).
-29
Let g(d) = -106*d - 15727. Determine g(-147).
-145
Let v(i) = -i**3 + 3*i**2 + 22*i + 10. Determine v(7).
-32
Let u(w) = w**3 - 8*w**2 - 16*w + 28. What is u(9)?
-35
Let q(r) = -r**3 + 36*r**2 + 124*r - 183. Calculate q(39).
90
Let x(f) = -f**2 - 168*f - 3104. Determine x(-21).
-17
Let a(b) = -402*b + 6847. Give a(17).
13
Let p(r) = 11*r**3 - 98*r**2 + 2*r - 123. What is p(9)?
-24
Let q(c) = -71*c + 5608. What is q(79)?
-1
Let r(n) = -2*n**2 - 14*n + 431. Determine r(-18).
35
Let o(r) = -r**2 - 116*r - 1446. Determine o(-92).
762
Let q(k) = -k**3 + k**2 + 37*k - 103. What is q(4)?
-3
Let d(r) = r**3 - r**2 - 35*r - 41. Determine d(-7).
-188
Let v(h) = 3*h**3 - 239*h**2 + 398*h - 627. Give v(78).
-3
Let r(u) = 2*u**2 + 964*u + 5772. Calculate r(-6).
60
Let l(u) = -70*u + 1641. Determine l(17).
451
Let n(y) = y - 5. Calculate n(1).
-4
Let g(a) = a**2 + 16*a + 61. Determine g(-7).
-2
Let r(q) = -4*q**2 - 70*q - 37. What is r(-17)?
-3
Let v(l) = -l**3 + 21*l**2 + 83*l + 29. What is v(-3)?
-4
Let j(o) = -o**2 - 60*o - 1285. Give j(-17).
-554
Let k(b) = -7*b**2 + 127*b + 34. Determine k(19).
-80
Let a(i) = i**3 - 75*i**2 + 12*i - 892. What is a(75)?
8
Let k(b) = 60*b**2 - 12001*b + 194. Calculate k(200).
-6
Let h(v) = 54*v**2 + 8*v + 15. Calculate h(3).
525
Let r(g) = 2*g**3 + 59*g**2 - 348*g + 4. What is r(5)?
-11
Let a(t) = t**3 - 8*t**2 - 34*t - 34. Calculate a(11).
-45
Let g(u) = -112*u + 27442. Determine g(245).
2
Let z(k) = -147*k - 2003. Calculate z(-14).
55
Let n(g) = -g**2 + 70*g + 68. Determine n(-1).
-3
Let f(n) = -6*n**3 + 28*n**2 - 10*n + 94. Calculate f(5).
-6
Let f(z) = 138*z - 513. What is f(7)?
453
Let c(w) = -347*w + 1733. What is c(5)?
-2
Let g(a) = a**3 - a**2 + 55*a + 57. What is g(0)?
57
Let y(d) = -4*d**2 - 40*d + 168. What is y(-13)?
12
Let u(z) = -11*z - 70. What is u(-9)?
29
Let v(m) = -m**2 + 15*m - 15. Determine v(12).
21
Let v(h) = 28*h + 703. Calculate v(-40).
-417
Let b(q) = -9*q + 45. Give b(10).
-45
Let x(i) = 18*i**2 - 99*i. What is x(5)?
-45
Let v(o) = 291*o + 86139. What is v(-296)?
3
Let n(k) = -2*k**3 + 35*k**2 + 16*k - 488. Give n(17).
73
Let r(l) = -l**3 + 78*l**2 - 77*l + 28. Calculate r(77).
28
Let q(i) = -1414*i + 39572. Determine q(28).
-20
Let n(s) = 8*s**2 - 12. Give n(0).
-12
Let n(b) = -2*b**3 - 2*b + 129. What is n(0)?
129
Let x(f) = f**3 - 45*f**2 + 3*f - 155. Give x(45).
-20
Let l(q) = 5*q**2 - 2739*q + 3. Give l(0).
3
Let a(r) = -176*r + 8258. Give a(47).
-14
Let p(x) = 141*x**2 - 11*x + 12. Determine p(1).
142
Let u(z) = -z**3 - 13*z**2 - 129*z - 834. Determine u(-9).
3
Let s(g) = -7*g**2 + 40*g + 279. Give s(-7).
-344
Let n(s) = -s**3 + 13*s**2 + 34*s + 5. Give n(14).
285
Let g(l) = -9*l**2 - 75*l - 48. What is g(-7)?
36
Let u(v) = v**3 - 45*v**2 + 401*v - 191. Give u(33).
-26
Let a(g) = -91*g**2 + 907*g - 15. Give a(10).
-45
Let s(l) = -12*l - 254. Calculate s(11).
-386
Let l(r) = -r**2 + 54*r + 156. What is l(-3)?
-15
Let o(n) = -12*n**3 - 4*n**2 - 9*n - 14. Determine o(-2).
84
Let z(l) = -l**3 - 64*l**2 - 449*l - 40. Determine z(-56).
16
Let g(m) = -m**2 - 67*m + 22. Determine g(-71).
-262
Let d(a) = -a**3 + 60*a**2 - 18*a + 434. Calculate d(60).
-646
Let a(v) = -v**2 - 3*v + 67. Calculate a(6).
13
Let b(n) = n**3 + 41*n**2 - 55*n + 119. Give b(-42).
665
Let k(l) = -55*l**2 + 22*l - 26. What is k(1)?
-59
Let o(u) = -4*u**2 + 222*u - 2842. Give o(20).
-2
Let n(b) = -b**3 - b**2 - 2*b + 41. Give n(5).
-119
Let z(h) = h**2 + 5*h + 33. Determine z(-6).
39
Let c(f) = -7*f + 342. Give c(38).
76
Let u(p) = -p**2 - 36*p + 95. What is u(-39)?
-22
Let w(j) = 8*j**3 - 72*j**2 + 160*j - 9. What is w(4)?
-9
Let p(g) = g + 83. Determine p(17).
100
Let h(u) = -u**2 - 940*u - 6525. Determine h(-7).
6
Let n(x) = -12178*x + 511472. Determine n(42).
-4
Let y(s) = -2*s**2 + 96*s - 616. Determine y(8).
24
Let o(r) = -r**3 - 38*r**2 - 106*r - 15. What is o(-35)?
20
Let i(p) = -2*p**2 + 388*p - 5363. Give i(15).
7
Let x(z) = -6357*z - 25439. Give x(-4).
-11
Let d(y) = 2*y**3 - 60*y**2 - 54*y - 308. Give d(31).
-60
Let l(s) = -2*s**2 - 50*s - 62. Give l(-20).
138
Let o(q) = -389*q - 5069. What is o(-13)?
-12
Let v(o) = 551*o**3 + o**2 